7 + 2485. Let v = -785 - i. Is v a composite number?
False
Let y(o) = 126*o**3 + 2*o**2 - 2*o + 1. Let q(z) = -1 + 4*z + 8 - 6*z + z. Let f be q(6). Is y(f) a prime number?
True
Is 25/(200/134664) - 1*-8 a composite number?
True
Let z(h) = -5*h**3 - 31*h**2 + 166*h + 17. Is z(-37) composite?
True
Let y be -3*(-2)/4 + 438/(-12). Let z be 6/(-15) - 84/y. Suppose 0 = -z*p - 68 + 1150. Is p a prime number?
True
Let n be ((-6)/33)/(-1) + (-30170808)/(-198). Is 156/(-351) + n/18 a prime number?
False
Is (-29568288)/(-128)*((-16)/(-6))/2 prime?
True
Let q(t) = -3*t**3 + 10*t**2 + 16*t + 59. Let h(m) = m**3 + 9*m**2 + 5*m - 35. Let i be h(-8). Is q(i) prime?
False
Let j(r) = -29*r**2 - 17*r + 17. Let t(l) = -l**2 + 1. Let s(b) = -j(b) - 5*t(b). Is s(-5) composite?
False
Suppose 5 = -a, -2*x + 0*a = -4*a - 35158. Is (6 + 0)/6*x prime?
True
Is (-203)/406 - 1697115/(-2) prime?
True
Let m be (-58)/(-3)*(-1 + (-20)/(-8)). Suppose -5*n = -c - 0*c - m, 0 = -n + 2*c + 13. Suppose 440 - 145 = n*p. Is p prime?
True
Suppose 5*p + 4*h - 88508 = 0, -5*p - 2*h = -47381 - 41133. Suppose 73252 = 4*n + 2*s, -2*n - 3*s + p + 18930 = 0. Suppose -15*y + n = -7054. Is y composite?
True
Let f(v) be the second derivative of 73*v**3/3 + 187*v**2/2 - 21*v - 1. Is f(24) a composite number?
False
Suppose 4*f - 89611 - 189220 = 3*j, 3*f - 2*j - 209123 = 0. Is f a prime number?
False
Let q(l) = -79*l - 49. Let y(i) = i - 56. Let r be y(42). Is q(r) prime?
False
Let l be (-66)/16 + (-13)/(-104). Is (l - -28)*28 + 1 composite?
False
Let r be (-505)/(-35) + -1 + (-8)/(-14). Suppose -c + r = -222. Let t = 515 + c. Is t a composite number?
False
Let m = 28232 - 13739. Suppose 3*i + 4*r = 8*r + m, -24155 = -5*i - 3*r. Is i a prime number?
True
Suppose 2*y + 8 = 3*d, 0 = -4*d + 5*y + 4 + 2. Suppose 5*x - 4*w = 186, 0 = -0*w + 4*w - d. Suppose 15 = p - x. Is p a composite number?
False
Suppose 4*o - 267407 = -3*x, 9*o + 200551 = 12*o - 2*x. Is o a prime number?
True
Suppose -3740 = -5*v + 6535. Let j(g) = g**3 + 11*g - 19. Let l be j(2). Suppose 0 = -14*x + l*x + v. Is x prime?
False
Suppose -2*r + 2*d + 0*d = -34572, 5*r + 5*d = 86440. Is r prime?
False
Let b(n) = -3*n**3 + 4*n**2 + 4*n**3 - 2 + 23*n + 0*n**3 - 25*n. Let c be b(-4). Suppose -c*k + 2090 = -424. Is k a composite number?
False
Let j = 31182 - -145667. Is j a composite number?
False
Let k(n) = -15*n**3 + 3*n**2 - 9*n - 16. Let g be k(-6). Suppose 0 = p + p - g. Is p prime?
True
Suppose 98*d - 48537194 - 8364523 = 39507449. Is d a composite number?
True
Let l be (21 - 22)*(-1 - 820)*117. Is (-2)/(-12) - l/(-54) prime?
False
Suppose 5*i - 16 - 9 = 0. Suppose -i*k + 13119 = -2*k. Is k a composite number?
False
Let p(y) = 396*y**2 + 2*y + 39. Let z(i) = i**2 + 31*i + 160. Let u be z(-25). Is p(u) a composite number?
False
Let n(a) = 103*a**2 + 332*a - 199. Is n(72) a prime number?
False
Suppose 6 = -4*g + 3*l, 5*l - 7*l = -g - 4. Suppose d - 3 = g, 13*m - 3*d = 8*m + 3586. Is m prime?
True
Let k = 114 + -142. Is 9077 - (-7)/(k/(-8)) composite?
True
Let d = -4192 - -2149. Let s = d - -3152. Let z = s + -780. Is z composite?
True
Suppose -4*q - 42 = -6. Let g be (-24)/q*((-17)/(-2) + -1). Is g/(-40)*649*-2 prime?
False
Suppose -3*h = -5*u + h - 4, 0 = u - 4*h + 4. Suppose -29*k + 32*k - 20877 = u. Is k a composite number?
False
Let v be (0*(-5)/10)/(-1). Suppose 3 = 3*w, v = h - 2*h - w + 5. Suppose -h*p + 4 = 0, -2*p + 5*p + 3467 = 2*g. Is g prime?
False
Let g(l) = 43*l**2 + 6*l + 70. Let s = -19 - -10. Is g(s) composite?
False
Suppose -6*p = -18735 + 78201. Let z = -1800 - p. Is z prime?
True
Suppose 0*w + 2 = w. Suppose 156 = 2*s - 5*g - 113, -3*s + 5*g + 416 = 0. Suppose f - s = -w*f. Is f composite?
True
Let n be ((-8)/6)/(2264/456 - 5). Suppose -n*i + 4*v = -42*i + 3584, 2*i - 2*v - 1780 = 0. Is i composite?
True
Let n(u) = 120*u**2 - 15*u + 584. Is n(31) a prime number?
False
Let m(t) = -21*t**3 + 22*t**2 - 51*t + 183. Is m(-32) a composite number?
True
Suppose 2*w = 5*w - 147. Suppose 0 = 97*t - 101*t + 764. Suppose t = -48*z + w*z. Is z composite?
False
Suppose -4*m + 12 = 0, 13*m = 4*o + 14*m - 23. Suppose 13*u - o*j = 18*u - 13355, 5*u - 4*j = 13337. Is u prime?
False
Suppose w + 0*w = 0, -5*w + 164157 = 16*h - 13*h. Is h prime?
False
Suppose -3*s = -o - s + 98, 4*o = 4*s + 392. Let q = o + -110. Is (11 + q)*557*(0 - 1) a prime number?
True
Suppose z - h + 10203 = 51723, 5*h = 2*z - 83019. Is z a prime number?
False
Let h(i) be the third derivative of -i**4/24 + 1337*i**3/6 + 6*i**2. Let k be ((-1)/2*(-11 - -11))/1. Is h(k) composite?
True
Let l = -320 - 52. Let d = -118 - l. Is d composite?
True
Let y = 1342 - -15277. Is y a composite number?
False
Suppose -2*h = -2*s + 12, -h - 18 = 2*h - 2*s. Suppose 0 = -59*x - 5*x + 1024. Let c = x + h. Is c a prime number?
False
Let p(j) = -j**3 - 22*j**2 + 7*j - 7. Let k be p(-22). Let q be k/21 + 8 + (-22)/(-6). Is 748 + -4 + (q - 2) a composite number?
True
Suppose 8147355 - 1139522 = 49*f. Is f composite?
True
Let c(s) = -s**3 + 2*s**2 + s - 2. Let k be c(2). Suppose 13*n - 22321 = -k*n. Is n a prime number?
False
Let i(l) = 98*l**2 + 17*l - 39. Let o(q) = -100*q**2 - 17*q + 40. Let g(j) = -6*i(j) - 7*o(j). Is g(13) prime?
False
Suppose 80 = 4*y - 2*v, -2*y - 3*v = -y - 13. Suppose 4 = -3*d + 7, -5*x + d + y = 0. Is -21129*(x + (-26)/6) composite?
False
Let o = -96212 - -147817. Is o a prime number?
False
Let k(p) = -5*p**3 - 9*p**2 + 16*p + 31. Let j(l) = -14*l**3 - 25*l**2 + 48*l + 94. Let m(i) = 4*j(i) - 11*k(i). Is m(-18) prime?
False
Let g(b) = -20*b - 4. Let t be g(-1). Suppose -t = -4*j, 0 = -0*w + w - 3*j - 1642. Is (15 + -3)*w/8 a prime number?
False
Is ((-49)/(-49))/(-3 - (-1713140)/571045) prime?
False
Suppose -25*h + 6204 = -24*h - 2*g, -h = g - 6204. Let x = h + -2443. Is x a prime number?
True
Let i(v) = -37 + 40*v**2 + 4*v + 13*v - 27*v. Is i(-8) composite?
True
Let b(z) = -2*z**3 + 135*z**2 - 121*z + 5. Is b(63) composite?
True
Suppose -5*w = g - 2554298, 0 = 2*w + 4*g - 783448 - 238282. Is w a composite number?
True
Let y(a) = -3*a**3 - 11*a**2 + 7*a + 18. Let v be y(-9). Suppose 11*q - 5393 - v = 0. Let j = q + -365. Is j composite?
False
Let l(d) = 6*d**2 + 260*d - 1333. Is l(126) prime?
True
Let a(r) = 11*r**3 - 2*r**2 + 7. Let b(n) = n**3 - 10*n**2 + n - 10. Let u be b(10). Suppose 2*x + u*y = -y + 6, x - 14 = 5*y. Is a(x) a composite number?
True
Is (121 - 122)*(-70451 + 0) composite?
False
Suppose -4*u - 5 = -25. Suppose -u*w = -s - 7*w - 3586, -5*s + 2*w - 17918 = 0. Is -1 - (s/20)/4*5 composite?
False
Let g(b) = 190*b**2 + 81*b - 1789. Is g(-82) composite?
True
Suppose 57*n + 2044971 = 18127122. Is n composite?
False
Let v(k) = k**2 + 6*k + 11. Let x be v(-4). Suppose 2*s = -f + 3423, 10 = x*s - 5*s. Is f a prime number?
True
Let k = 4 - 7. Suppose 7*g - 11*g = 2*w + 32, 0 = 2*g + 5*w + 24. Is (-2163 - (k - g))*-1 a composite number?
True
Suppose 2744613 = 176*m + 31*m. Is m prime?
True
Let s(j) = 121*j**3 - 8*j**2 - 47*j + 211. Is s(4) composite?
False
Suppose 3*k + 18*h - 19*h - 2502890 = 0, -4*h = -k + 834271. Is k composite?
False
Let w = 70884 + -36961. Is w a prime number?
True
Suppose 111*y = 22250598 + 6350084 - 6885863. Is y a composite number?
True
Suppose 27*b = -3*y + 32*b + 19380, -2*y = 4*b - 12898. Suppose -5*p + 5*j + 24642 = -7708, -p - 4*j = -y. Is p a prime number?
False
Suppose 5454 + 37750 = -2*r. Is (-272)/(-340) + r/(-10) a prime number?
True
Let n(m) = 41*m**3 - 34*m**2 - 3*m + 7. Let k(s) = 14*s**3 - 12*s**2 - s + 2. Let r(v) = -11*k(v) + 4*n(v). Let j be (-3)/(-1) + -2 + 4. Is r(j) composite?
False
Let g = -28 + 53. Let s be (-1)/((-5)/2) - (-940)/g. Let v = s - -573. Is v composite?
True
Let v(d) = -d**2 - d + 1. Let y(n) = 16*n**2 - 36*n - 8. Let h(f) = -3*v(f) + y(f). Is h(14) composite?
False
Suppose 2*s + 2948 = 2*a, -20*s = -18*s + 6. Suppose -4*q - g = -3995 - a, -2*q - g + 2732 = 0. Is q prime?
True
Let u = -724 + 714. Let q(a) = a**3 + 13*a**2 - 2*a - 13. Is q(u) prime?
True
Suppose -2*r + 15*r = 44434. Let l = 7677 - r. Is l a prime number?
True
Suppose -4*p - 402352 = -4*h, 4*h - 3*p = -p + 402342. Is h a composite number?
True
Let t(q) be the second derivative of -221*q**3/2 - 12*q**2 + 139*q. Is t(-15) compo